{"id":154,"date":"2024-03-01T12:38:10","date_gmt":"2024-03-01T11:38:10","guid":{"rendered":"https:\/\/xn--conomie-critique-9pb.fr\/?page_id=154"},"modified":"2024-03-18T12:20:38","modified_gmt":"2024-03-18T11:20:38","slug":"la-valeur","status":"publish","type":"page","link":"https:\/\/xn--conomie-critique-9pb.fr\/?page_id=154","title":{"rendered":"Le travail donne sa valeur \u00e0 la marchandise"},"content":{"rendered":"\n<p>Pour introduire la notion de valeur nous allons utiliser une simulation d\u2019un mod\u00e8le simple de march\u00e9. L\u2019objectif est de comprendre comment les lois du march\u00e9 r\u00e9alisent l\u2019allocation des moyens de production ici r\u00e9duits \u00e0 la force de travail.<\/p>\n\n\n\n<p>La simulation est r\u00e9alis\u00e9e par une feuille de calcul et son interpr\u00e9tation est pr\u00e9sent\u00e9e sous forme de diaporama.<\/p>\n\n\n\n<div class=\"wp-block-group is-nowrap is-layout-flex wp-container-core-group-layout-1 wp-block-group-is-layout-flex\">\n<h3 class=\"wp-block-heading\">Le diaporama en version LibreOffice:<\/h3>\n\n\n\n<div class=\"wp-block-file\"><a id=\"wp-block-file--media-1c08f81e-a38a-498f-a1ca-68d3f8de8df1\" href=\"https:\/\/xn--conomie-critique-9pb.fr\/wp-content\/uploads\/2024\/03\/1.Comment-le-marche-alloue-les-moyens-de-production.odp\">1.Comment le march\u00e9 alloue les moyens de production<\/a><a href=\"https:\/\/xn--conomie-critique-9pb.fr\/wp-content\/uploads\/2024\/03\/1.Comment-le-marche-alloue-les-moyens-de-production.odp\" class=\"wp-block-file__button wp-element-button\" download aria-describedby=\"wp-block-file--media-1c08f81e-a38a-498f-a1ca-68d3f8de8df1\">T\u00e9l\u00e9charger<\/a><\/div>\n<\/div>\n\n\n\n<p><\/p>\n\n\n\n<p><\/p>\n\n\n\n<div class=\"wp-block-group is-nowrap is-layout-flex wp-container-core-group-layout-2 wp-block-group-is-layout-flex\">\n<h3 class=\"wp-block-heading\">Le diaporama version PowerPoint:<\/h3>\n\n\n\n<div class=\"wp-block-file\"><a id=\"wp-block-file--media-bb01ab52-f3e0-4c22-bcfb-5859d05a2dcb\" href=\"https:\/\/xn--conomie-critique-9pb.fr\/wp-content\/uploads\/2024\/03\/1.Comment-le-marche-alloue-les-moyens-de-production.ppt\">1.Comment-le-marche-alloue-les-moyens-de-production<\/a><a href=\"https:\/\/xn--conomie-critique-9pb.fr\/wp-content\/uploads\/2024\/03\/1.Comment-le-marche-alloue-les-moyens-de-production.ppt\" class=\"wp-block-file__button wp-element-button\" download aria-describedby=\"wp-block-file--media-bb01ab52-f3e0-4c22-bcfb-5859d05a2dcb\">T\u00e9l\u00e9charger<\/a><\/div>\n<\/div>\n\n\n\n<p><\/p>\n\n\n\n<p><\/p>\n\n\n\n<h3 class=\"wp-block-heading\">Le diaporama en version PDF:<\/h3>\n\n\n\n<div data-wp-interactive=\"\" class=\"wp-block-file\"><object data-wp-bind--hidden=\"!selectors.core.file.hasPdfPreview\" hidden class=\"wp-block-file__embed\" data=\"https:\/\/xn--conomie-critique-9pb.fr\/wp-content\/uploads\/2024\/03\/1.Comment-le-marche-alloue-les-moyens-de-production.pdf\" type=\"application\/pdf\" style=\"width:100%;height:600px\" aria-label=\"Contenu embarqu\u00e9 1.Comment-le-marche-alloue-les-moyens-de-production.\"><\/object><a id=\"wp-block-file--media-e2dcbde5-05af-43f2-b35a-7209cb6e0666\" href=\"https:\/\/xn--conomie-critique-9pb.fr\/wp-content\/uploads\/2024\/03\/1.Comment-le-marche-alloue-les-moyens-de-production.pdf\">1.Comment-le-marche-alloue-les-moyens-de-production<\/a><a href=\"https:\/\/xn--conomie-critique-9pb.fr\/wp-content\/uploads\/2024\/03\/1.Comment-le-marche-alloue-les-moyens-de-production.pdf\" class=\"wp-block-file__button wp-element-button\" download aria-describedby=\"wp-block-file--media-e2dcbde5-05af-43f2-b35a-7209cb6e0666\">T\u00e9l\u00e9charger<\/a><\/div>\n\n\n\n<p><\/p>\n\n\n\n<p><\/p>\n\n\n\n<h3 class=\"wp-block-heading\">La vid\u00e9o du diaporama:<\/h3>\n\n\n\n<figure class=\"wp-block-video\"><video controls src=\"https:\/\/xn--conomie-critique-9pb.fr\/wp-content\/uploads\/2024\/03\/Le-marche4-son.mp4\"><\/video><\/figure>\n\n\n\n<p><\/p>\n\n\n\n<p><\/p>\n\n\n\n<div class=\"wp-block-group is-nowrap is-layout-flex wp-container-core-group-layout-3 wp-block-group-is-layout-flex\">\n<h3 class=\"wp-block-heading\">La simulation au format LibreOffice:<\/h3>\n\n\n\n<div class=\"wp-block-file\"><a id=\"wp-block-file--media-0dcded29-f861-42dc-b0d6-595d968ccfc3\" href=\"https:\/\/xn--conomie-critique-9pb.fr\/wp-content\/uploads\/2024\/03\/Simulation-de-marche.ods\">Simulation de march\u00e9<\/a><a href=\"https:\/\/xn--conomie-critique-9pb.fr\/wp-content\/uploads\/2024\/03\/Simulation-de-marche.ods\" class=\"wp-block-file__button wp-element-button\" download aria-describedby=\"wp-block-file--media-0dcded29-f861-42dc-b0d6-595d968ccfc3\">T\u00e9l\u00e9charger<\/a><\/div>\n<\/div>\n\n\n\n<p><\/p>\n\n\n\n<p><\/p>\n\n\n\n<div class=\"wp-block-group is-nowrap is-layout-flex wp-container-core-group-layout-4 wp-block-group-is-layout-flex\">\n<h3 class=\"wp-block-heading\">La simulation au format Excel:<\/h3>\n\n\n\n<div class=\"wp-block-file\"><a id=\"wp-block-file--media-207c7a85-a014-4195-b981-386b7a301d6c\" href=\"https:\/\/xn--conomie-critique-9pb.fr\/wp-content\/uploads\/2024\/03\/Simulation-de-marche.xls\">Simulation-de-marche<\/a><a href=\"https:\/\/xn--conomie-critique-9pb.fr\/wp-content\/uploads\/2024\/03\/Simulation-de-marche.xls\" class=\"wp-block-file__button wp-element-button\" download aria-describedby=\"wp-block-file--media-207c7a85-a014-4195-b981-386b7a301d6c\">T\u00e9l\u00e9charger<\/a><\/div>\n<\/div>\n","protected":false},"excerpt":{"rendered":"<p>Pour introduire la notion de valeur nous allons utiliser une simulation d\u2019un mod\u00e8le simple de march\u00e9. L\u2019objectif est de comprendre comment les lois du march\u00e9 r\u00e9alisent l\u2019allocation des moyens de production ici r\u00e9duits \u00e0 la force de travail. La simulation est r\u00e9alis\u00e9e par une feuille de calcul et son interpr\u00e9tation est pr\u00e9sent\u00e9e sous forme de &#8230; <a title=\"Le travail donne sa valeur \u00e0 la marchandise\" class=\"read-more\" href=\"https:\/\/xn--conomie-critique-9pb.fr\/?page_id=154\" aria-label=\"Read more about Le travail donne sa valeur \u00e0 la marchandise\">Lire la suite<\/a><\/p>\n","protected":false},"author":1,"featured_media":0,"parent":0,"menu_order":0,"comment_status":"open","ping_status":"closed","template":"","meta":{"_monsterinsights_skip_tracking":false,"_monsterinsights_sitenote_active":false,"_monsterinsights_sitenote_note":"","_monsterinsights_sitenote_category":0,"_uf_show_specific_survey":0,"_uf_disable_surveys":false,"footnotes":""},"aioseo_notices":[],"_links":{"self":[{"href":"https:\/\/xn--conomie-critique-9pb.fr\/index.php?rest_route=\/wp\/v2\/pages\/154"}],"collection":[{"href":"https:\/\/xn--conomie-critique-9pb.fr\/index.php?rest_route=\/wp\/v2\/pages"}],"about":[{"href":"https:\/\/xn--conomie-critique-9pb.fr\/index.php?rest_route=\/wp\/v2\/types\/page"}],"author":[{"embeddable":true,"href":"https:\/\/xn--conomie-critique-9pb.fr\/index.php?rest_route=\/wp\/v2\/users\/1"}],"replies":[{"embeddable":true,"href":"https:\/\/xn--conomie-critique-9pb.fr\/index.php?rest_route=%2Fwp%2Fv2%2Fcomments&post=154"}],"version-history":[{"count":18,"href":"https:\/\/xn--conomie-critique-9pb.fr\/index.php?rest_route=\/wp\/v2\/pages\/154\/revisions"}],"predecessor-version":[{"id":494,"href":"https:\/\/xn--conomie-critique-9pb.fr\/index.php?rest_route=\/wp\/v2\/pages\/154\/revisions\/494"}],"wp:attachment":[{"href":"https:\/\/xn--conomie-critique-9pb.fr\/index.php?rest_route=%2Fwp%2Fv2%2Fmedia&parent=154"}],"curies":[{"name":"wp","href":"https:\/\/api.w.org\/{rel}","templated":true}]}}